the first derivative of -g**4/3 - g**2/2 - 1. Let u(l) be the second derivative of j(l). Suppose -3*z + 4 = -7*z. Calculate u(z).
8
Let i(s) = 4*s + 0*s - s**2 + s**3 - 1 - 10*s**3 - 2*s. Let r = 7 - 6. Determine i(r).
-9
Let t(b) = b**2 + 3*b - 4. Let g = -4 + 8. Let y = g - 8. Determine t(y).
0
Suppose -2*r = -1 - 3. Suppose -4*t - i = 13, t = -4*i + r*i - 5. Let g(n) = -n**3 - 2*n**2 + 3*n + 4. Give g(t).
4
Let f(o) = o**3 + 3*o**2 - 3. Let g(r) = 4*r**3 + 11*r**2 - 11. Let a(j) = -9*f(j) + 2*g(j). Suppose -3*p = -2*q + 8, 3*q - 2*q + 6 = -p. What is a(p)?
-11
Suppose -12 + 7 = 5*b. Let t(k) = -4*k**3 + k**2 - 1. Calculate t(b).
4
Suppose 0*y - 4*y - 8 = 0. Let z = y - -3. Let s(k) = -5*k + k**2 + 2*k + 1 + 2*k. Give s(z).
1
Let r(i) = 9. Let x(a) = a + 2. Let m(z) = -r(z) + 4*x(z). Suppose -q + 3*l = 7, l = -5*q - 3 - 0. Determine m(q).
-5
Let l(r) = 1. Let i(h) = -h - 3. Let a(o) = i(o) + 4*l(o). Determine a(4).
-3
Let s(o) be the second derivative of o**7/2520 + o**6/720 - o**5/24 - o**4/6 - 2*o. Let a(k) be the third derivative of s(k). Let m = 10 - 10. What is a(m)?
-5
Let l(p) = 2 + 2*p + 2*p - 6*p. Suppose -17 = 8*k - 41. Give l(k).
-4
Let p(r) = -r**3 - 18*r**2 + 3 + 0*r + 23*r**2 - 6*r. Determine p(4).
-5
Let i(x) = -6*x + x**2 - 229 - 224 + 458. Let w = 16 + -11. What is i(w)?
0
Let h(a) = -3*a - 5. Let k be h(-8). Let u(o) = k + 13 - o - 29. Give u(2).
1
Suppose -2*p + 1 + 3 = 4*u, -2*p - 17 = -3*u. Let m(d) = -3 + 1 - 2*d + u*d**2 - d**3 + 2*d**2 + d. Determine m(4).
10
Let h(j) = 2*j + 32. Let w be h(-15). Let b(p) be the second derivative of 0*p**4 + 1/20*p**5 + 3*p + 0 - 1/3*p**3 - 1/2*p**w. What is b(2)?
3
Let q(d) = d**2 + 4*d - 2. Suppose 0 = -8*f + 5*f - 12. Calculate q(f).
-2
Let o(w) = w**3 + w - 1. Let i(x) = -6*x**3 + 2*x**2 - 3*x + 5. Let r(t) = -i(t) - 4*o(t). Calculate r(2).
5
Let z(w) be the second derivative of w**5/20 - w**4/6 - w**3/3 - w. Calculate z(3).
3
Let j(t) = 175*t. Let k(n) = -11*n. Let o(h) = 4*j(h) + 63*k(h). Determine o(1).
7
Suppose 33 = 3*q - 3*t, 2*t - 8 = -2*t. Let b = 9 - q. Let l(o) = -o**2 - 7*o - 6. Calculate l(b).
6
Let s = -2 - -2. Suppose s = g - 3*g. Let z(a) = -a - 4. What is z(g)?
-4
Let n(r) = -7*r**3 - 10*r**2 - 3. Let u(y) = -8*y**3 - 11*y**2 - 3. Let s(t) = -7*n(t) + 6*u(t). What is s(-3)?
12
Let s(q) be the second derivative of -q**3/2 - 3*q**2/2 - 2*q + 36. Give s(-4).
9
Suppose -u - 7 + 34 = 0. Suppose 0 = -3*w + 9 - u. Let g(r) = -r**3 + r**2 - 6*r + 8. Let f(t) = t**3 + 5*t - 8. Let x(y) = -7*f(y) - 6*g(y). Calculate x(w).
2
Let d = -43 - -48. Let x(u) = u - 4. Determine x(d).
1
Suppose -3*r + 4 = -2*r. Let f = 7 - r. Let k = f + -7. Let q(i) = i**2 + 4*i. Give q(k).
0
Let m(a) = 1 - 4 - 5*a - a**3 + a**2 + 6*a**2. What is m(6)?
3
Let l = 7 + -5. Let c(k) = 2*k**3 + 2 - k - 2*k**3 + k**3 - k**2. Determine c(l).
4
Let r(n) = -6 - 8 + 2*n - 6 + 14. Give r(4).
2
Let k = 28 + -21. Let u(v) = v**3 - 6*v**2 - 7*v - 2. Give u(k).
-2
Let m(j) = j**2 - 2*j - 2. Let b(q) = q**2 - q - 3. Let u(g) = 2*b(g) - 3*m(g). Let w = -6 - -10. Determine u(w).
0
Let r(t) be the second derivative of 1/20*t**5 + 2*t + 1/12*t**4 + 0 - 1/6*t**3 - 3/2*t**2. Calculate r(0).
-3
Let u(d) be the third derivative of -d**5/60 - 11*d**3/6 + 4*d**2. Determine u(0).
-11
Let s be (2 + -1)*-2*3/(-3). Let f(i) = -2*i**3 + 2. Give f(s).
-14
Suppose 4*j = -0*j. Let u(i) = -i**3 + i**2 - 10. Determine u(j).
-10
Let g(r) = 3067 - 3*r - 3067 - r**2. Let j(o) = 2*o + 7. Let p be j(-5). Determine g(p).
0
Let o be (-10)/(-3)*270/150. Let j(c) = c**3 - 6*c**2 + c + 4. Give j(o).
10
Let f(z) = -4*z - 11. Let b(l) = 6*l + 17. Let j(x) = -5*b(x) - 8*f(x). Give j(3).
9
Let i(y) be the third derivative of y**6/30 - y**5/30 - y**4/12 - y**3/6 + 2*y**2 + 2*y. Suppose -5 = 4*o - 1. Determine i(o).
-5
Suppose 0 = 5*z - 14 - 11. Let m = z + -3. Let c(w) = 3 - m + 1 - w. Determine c(2).
0
Let m(y) = 7*y + 6. Let v(k) = -k - 1. Let x(a) = -m(a) - 6*v(a). Suppose -3*o = -4*o. Suppose 4*n - 2*n + 4*p - 20 = o, -p - 5 = -2*n. Calculate x(n).
-4
Let z(i) = i**2 - 2*i - 5. Suppose 10 = 3*j - 2. What is z(j)?
3
Let s be -2 + (-2)/(4/(-14)). Let d(h) = h**3 + 2 - h - s*h**2 - 2 + 3 + 2. Give d(5).
0
Let s(l) = -l**2 - l + 1. Let t(o) = -4*o**2 - 12*o - 1. Let h(x) = 5*s(x) - t(x). Calculate h(7).
6
Let z be (-1 + (-16)/(-12))*-9. Let v(o) = 2*o + 3. What is v(z)?
-3
Let s = 4 + -9. Let p(w) = 0*w**2 - w**2 - w - 2*w - 2*w - 3. Determine p(s).
-3
Let p be 6*2*(-1)/(-3). Let y(b) = -2*b**3 + b**2 - b + 6. Let i(t) = t**3 - t**2 + t - 3. Let a(f) = p*y(f) + 7*i(f). Determine a(-3).
-6
Let h(b) = -b**3 - 8*b**2 + 8*b - 6. Suppose -6*i + i = -5*w - 60, 4*w + 33 = -i. Calculate h(w).
3
Let o(d) = 4*d**2 - 2*d + 1. Let b be o(1). Suppose -5*g = -b*i - 31, 2*i - 6 = -g - g. Let h(y) = 0*y - 1 - y**2 - 2*y - y**2 + g*y. Give h(3).
-10
Let r(c) = -13 + c**2 + 12 + c + 0*c. Calculate r(1).
1
Let u(x) = -x**2 - 6*x - 1. Let q = -21 + 32. Let m(j) = 2*j**2 + 11*j + 2. Let p(h) = q*u(h) + 6*m(h). Determine p(-3).
10
Let x(u) = -44*u**2 - 7*u + 13*u - 6*u. Suppose k - 10 = 3*k. Let s(t) = -8*t**2. Let i(y) = k*x(y) + 28*s(y). Calculate i(-1).
-4
Suppose -5*u - 47 = 3*l, l + 4*l + 41 = -3*u. Let f(g) = -g - 7. What is f(u)?
0
Let v(q) = 1. Let m(h) = -2*h**2 + 2*h - 3. Let s(l) = -m(l) - 2*v(l). Let z be s(2). Let w(x) = -x**2 + 7*x - 6. Give w(z).
4
Let t(c) = 2. Let f(n) = n + 3. Let k(l) = -3*f(l) + 5*t(l). Let p(g) = -4*g + 1. Let w(v) = -4*k(v) + 5*p(v). Let i be (-1)/3 + (-4)/6. Determine w(i).
9
Let g(w) = -4*w + 4*w - 3*w. Suppose 0*p + 4*a - 12 = -4*p, -9 = -3*p + a. Suppose -3 = p*u - 9. What is g(u)?
-6
Let a be 0 + -1 - 3/(-3). Let o(x) = 4 - 5 + 2*x - x**2 - 2*x**3 + a. Give o(-2).
7
Let f(j) = j - 1. Let v = -1 + -2. What is f(v)?
-4
Let x(q) = 2 - q - 2 + 3 - 5. Let d(g) = -2*g**2 - 1. Let c be d(1). Give x(c).
1
Let g(s) be the second derivative of s**5/20 + s**4/2 + s**3/2 - 3*s**2/2 + 12*s. Give g(-5).
7
Let t(f) = 0*f**3 + f**3 + 297*f + 2 - 4*f**2 - 296*f. What is t(4)?
6
Let d be (2 - (-1 + 1))*-2. Let k(y) be the first derivative of -1/2*y**2 + 3*y - 4. Give k(d).
7
Let k(s) = s**2 + 2*s - 3. Let z be k(-4). Suppose -l - 8 = -z*l. Let x(f) = -4*f**3 - 1 + 3*f**3 + 3*f - 3*f**2 + 4*f**l. What is x(2)?
1
Let a(x) = 2 + 2 + 4*x + x - 6*x. What is a(7)?
-3
Let o be ((-4)/10)/(10/(-200)). Let b(s) = -s**3 + 9*s**2 - 6*s - 6. Give b(o).
10
Let a = 23 + -32. Let q be ((-22)/(-6) - 3)*a. Let r(c) = -2*c - 7. Give r(q).
5
Let p(k) = k - 3. Let m(c) = c - 2. Let h(l) = -3*m(l) + 2*p(l). Determine h(3).
-3
Let j(q) = q**3 + 16*q**2 + q + 22. Let p be j(-16). Let x(k) = -2 - 2 + k + k. Give x(p).
8
Let u(r) be the first derivative of 2*r**3/3 - 3*r**2/2 + 8*r - 5. Let f(w) be the first derivative of u(w). Let y = 2 + 0. Calculate f(y).
5
Let p(j) be the third derivative of 0*j + 1/24*j**4 + 8*j**2 - 1/20*j**5 + 0 - 1/2*j**3 + 1/120*j**6. What is p(3)?
0
Suppose 0 = -8*r + 43*r + 35. Let x(z) = 12*z + 2. Let i(n) = 6*n + 1. Let j = -14 + 7. Let g(q) = j*i(q) + 3*x(q). Give g(r).
5
Let h(j) = 3*j**3 + 30*j**2 + 33*j + 28. Let u(g) = -g**3 - 10*g**2 - 11*g - 9. Let k(b) = 4*h(b) + 11*u(b). Give k(-9).
-5
Suppose -9*s = -18 - 18. Let c(k) = -k**2 + 2*k - 3. Calculate c(s).
-11
Let k = 0 - 3. Let y = -7 + 2. Let w(g) = 3*g - 1. Let u(h) = -2*h. Let l(i) = y*u(i) - 2*w(i). Give l(k).
-10
Suppose 10 + 10 = 5*c. Let v(r) be the second derivative of -r**5/20 + r**4/4 + 2*r**3/3 + r**2 + 2*r. Give v(c).
2
Let w(p) be the third derivative of p**4/8 - 7*p**2. Calculate w(-1).
-3
Let r(n) be the first derivative of -n**4/4 - 7*n**3/3 + 7*n**2/2 - 4*n - 9. Give r(-8).
4
Let m(d) = -d**2 + 2*d + 3. Let c be (-20)/(-6) - 4/(-6). Suppose -22 = -3*h - 7. Suppose -c*w = 3 + h. Calculate m(w).
-5
Let m(v) be the first derivative of -1/2*v**2 + 3 + 0*v. Calculate m(2).
-2
Let j(u) = u**2 - 2*u. Let v = -34 - -22. Let h be (-2)/v - 34/(-12). Give j(h).
3
Let l(o) be the third derivative of o**5/60 + o**4/4 + o**3/6 - 2*o**2. Suppose -12*m + 15*m = -15. What is l(m)?
-4
Let b(f) be the first derivative of f**3/3 - 5*f**2/2 - 1. Let a = 3 - 3. Suppose a*m = -3*r - 4*m + 19, -5*r = 4*m - 29. What is b(r)?
0
Let l = -163 + 168. Let g(m) = -m + 9. Calculate g(l).
4
Let 